{"id":70,"date":"2023-11-15T16:07:00","date_gmt":"2023-11-15T16:07:00","guid":{"rendered":"https:\/\/aiuc2.astro.puc.cl\/?page_id=70"},"modified":"2024-12-30T04:31:18","modified_gmt":"2024-12-30T04:31:18","slug":"cursos","status":"publish","type":"page","link":"https:\/\/www.aiuc.puc.cl\/?page_id=70","title":{"rendered":"Cursos"},"content":{"rendered":"<p>[et_pb_section fb_built=&#8221;1&#8243; admin_label=&#8221;Hero&#8221; _builder_version=&#8221;4.23.1&#8243; background_image=&#8221;https:\/\/www.aiuc.puc.cl\/\/wp-content\/uploads\/2023\/11\/Observatorio-Manuel-Foster-2-ok-ok.jpg&#8221; custom_margin=&#8221;||||false&#8221; custom_padding=&#8221;10vw||10vw||true|false&#8221; global_colors_info=&#8221;{}&#8221;][et_pb_row column_structure=&#8221;2_3,1_3&#8243; _builder_version=&#8221;4.23.1&#8243; global_colors_info=&#8221;{}&#8221;][et_pb_column type=&#8221;2_3&#8243; _builder_version=&#8221;4.16&#8243; custom_padding=&#8221;|||&#8221; global_colors_info=&#8221;{}&#8221; custom_padding__hover=&#8221;|||&#8221;][et_pb_text _builder_version=&#8221;4.23.1&#8243; text_font=&#8221;||||||||&#8221; header_font=&#8221;Roboto|700|||||||&#8221; header_font_size=&#8221;63px&#8221; header_line_height=&#8221;48px&#8221; background_layout=&#8221;dark&#8221; max_width=&#8221;800px&#8221; custom_margin=&#8221;||0px|&#8221; custom_padding=&#8221;|||16px&#8221; text_font_size_tablet=&#8221;14px&#8221; text_font_size_last_edited=&#8221;off|desktop&#8221; header_font_size_tablet=&#8221;44px&#8221; header_font_size_phone=&#8221;32px&#8221; header_font_size_last_edited=&#8221;on|phone&#8221; border_color_all=&#8221;#FEC60D&#8221; border_width_left=&#8221;10px&#8221; inline_fonts=&#8221;Roboto&#8221; global_colors_info=&#8221;{}&#8221;]<\/p>\n<h1><strong><span style=\"font-family: Roboto;\">Cursos<\/span><\/strong><\/h1>\n<p>[\/et_pb_text][et_pb_text _builder_version=&#8221;4.23.1&#8243; text_font=&#8221;Roboto||||||||&#8221; text_font_size=&#8221;24px&#8221; text_letter_spacing=&#8221;0.18px&#8221; text_line_height=&#8221;28px&#8221; header_font=&#8221;||||||||&#8221; background_layout=&#8221;dark&#8221; max_width=&#8221;800px&#8221; custom_margin=&#8221;|||&#8221; custom_padding=&#8221;20px||20px||true&#8221; text_font_size_tablet=&#8221;18px&#8221; text_font_size_phone=&#8221;&#8221; text_font_size_last_edited=&#8221;on|phone&#8221; inline_fonts=&#8221;Roboto&#8221; global_colors_info=&#8221;{}&#8221;]<\/p>\n<p><span style=\"font-family: Roboto;\"><span>Aqu\u00ed podr\u00e1 encontrar informaci\u00f3n sobre los cursos dictados por acad\u00e9micos y acad\u00e9micas del Centro para pre y post grado, como parte de los programas acad\u00e9micos de la Escuela de Ingenier\u00eda y del Instituto de Astrof\u00edsica UC.\u00a0\u00a0<\/span><\/span><\/p>\n<p>[\/et_pb_text][\/et_pb_column][et_pb_column type=&#8221;1_3&#8243; _builder_version=&#8221;4.16&#8243; custom_padding=&#8221;|||&#8221; global_colors_info=&#8221;{}&#8221; custom_padding__hover=&#8221;|||&#8221;][\/et_pb_column][\/et_pb_row][\/et_pb_section][et_pb_section fb_built=&#8221;1&#8243; _builder_version=&#8221;4.17.4&#8243; _module_preset=&#8221;default&#8221; global_colors_info=&#8221;{}&#8221;][et_pb_row _builder_version=&#8221;4.17.4&#8243; _module_preset=&#8221;default&#8221; global_colors_info=&#8221;{}&#8221;][et_pb_column type=&#8221;4_4&#8243; _builder_version=&#8221;4.17.4&#8243; _module_preset=&#8221;default&#8221; global_colors_info=&#8221;{}&#8221;][et_pb_accordion open_toggle_background_color=&#8221;#173F8A&#8221; closed_toggle_background_color=&#8221;#E3AE00&#8243; _builder_version=&#8221;4.23.1&#8243; _module_preset=&#8221;default&#8221; body_text_align=&#8221;justify&#8221; text_orientation=&#8221;justified&#8221; hover_enabled=&#8221;0&#8243; global_colors_info=&#8221;{}&#8221; sticky_enabled=&#8221;0&#8243;][et_pb_accordion_item title=&#8221;AST-101 &#8211; Un Paseo por el Universo&#8221; _builder_version=&#8221;4.23.1&#8243; _module_preset=&#8221;default&#8221; hover_enabled=&#8221;0&#8243; border_style_all=&#8221;none&#8221; global_colors_info=&#8221;{}&#8221; open=&#8221;on&#8221; sticky_enabled=&#8221;0&#8243;]<\/p>\n<p style=\"text-align: justify;\">En este curso el\/la estudiante aprender\u00e1 los conceptos fundamentales de la astronom\u00eda moderna, en el contexto de la situaci\u00f3n de ventajas comparativas extraordinarias de Chile para el desarrollo de esta ciencia. El curso abarca fundamentalmente el aprendizaje de la astrof\u00edsica de estrellas, exoplanetas y galaxias. Al mismo tiempo se comprender\u00e1n los fen\u00f3menos astron\u00f3micos, a trav\u00e9s de herramientas conceptuales del mundo f\u00edsico.<\/p>\n<p style=\"text-align: justify;\"><a href=\"https:\/\/www.aiuc.puc.cl\/\/wp-content\/uploads\/2024\/01\/un-paseo-por-el-universo.-AClocchiatti.pdf\">Descargar<\/a><\/p>\n<p>[\/et_pb_accordion_item][et_pb_accordion_item title=&#8221;AST-102 &#8211; El Universo Relativista de Einstein&#8221; _builder_version=&#8221;4.23.1&#8243; _module_preset=&#8221;default&#8221; border_style_all=&#8221;none&#8221; global_colors_info=&#8221;{}&#8221; open=&#8221;off&#8221;]<\/p>\n<p style=\"text-align: justify;\">El curso aborda los conceptos f\u00edsicos fundamentales del espacio, tiempo y universo desde una mirada relativista, desarrollando las ideas de Einstein de manera intuitiva y autocontenida con el prop\u00f3sito de crear nueva intuici\u00f3n f\u00edsica y comprensi\u00f3n de los por qu\u00e9. Se estudiar\u00e1n casos particulares, tales como agujeros negros, y se resolver\u00e1n problemas sencillos y cotidianos usando herramientas matem\u00e1ticas b\u00e1sicas. Se utilizar\u00e1n estrategias metodol\u00f3gicas como, c\u00e1tedra, trabajo basado en equipos, exposiciones y discusiones de diversos temas cient\u00edficos de inter\u00e9s de los y las estudiantes. La evaluaci\u00f3n ser\u00e1 en base a trabajos grupales e investigaciones individuales.<\/p>\n<p style=\"text-align: justify;\"><a href=\"https:\/\/www.aiuc.puc.cl\/\/wp-content\/uploads\/2024\/01\/el-universo-relativista-de-einstein.pdf\">Descargar<\/a><\/p>\n<p>[\/et_pb_accordion_item][et_pb_accordion_item title=&#8221;IEE-2113 &#8211; Teor\u00eda Electromagn\u00e9tica&#8221; _builder_version=&#8221;4.23.1&#8243; _module_preset=&#8221;default&#8221; hover_enabled=&#8221;0&#8243; border_style_all=&#8221;none&#8221; global_colors_info=&#8221;{}&#8221; open=&#8221;off&#8221; sticky_enabled=&#8221;0&#8243;]<\/p>\n<p>El curso abordar\u00e1 diferentes aspectos de la teor\u00eda electromagn\u00e9tica que permitir\u00e1n capacitar al alumno en el an\u00e1lisis y dise\u00f1o b\u00e1sico de propagaci\u00f3n de ondas en diferentes materiales, l\u00edneas de transmisi\u00f3n, ondas guiadas y radiaci\u00f3n de campos electromagn\u00e9ticos, incluyendo antenas simples.<\/p>\n<p><a href=\"https:\/\/www.aiuc.puc.cl\/\/wp-content\/uploads\/2024\/12\/IEE2113.pdf\">Descargar.<\/a><\/p>\n<p>[\/et_pb_accordion_item][et_pb_accordion_item title=&#8221;IEE-3853 &#8211; Detectores Para Astronom\u00eda&#8221; open_toggle_background_color=&#8221;#03122E&#8221; closed_toggle_background_color=&#8221;#E3AE00&#8243; _builder_version=&#8221;4.23.1&#8243; _module_preset=&#8221;default&#8221; hover_enabled=&#8221;0&#8243; border_style_all=&#8221;none&#8221; global_colors_info=&#8221;{}&#8221; open=&#8221;off&#8221; sticky_enabled=&#8221;0&#8243;]<\/p>\n<p style=\"text-align: justify;\">El curso presenta los principales tipos de detectores de fotones utilizados en instrumentos astron\u00f3micos. El principal \u00e9nfasis del curso es en detectores \u00f3pticos o CCDs (Charged-coupled devices) y detectores infrarojos, pero tambi\u00e9n se tratan detectores de otras longitudes de onda, como bol\u00f3metros, receptores heterodinos y detectores de alta energ\u00eda (rayos gama y X). El curso incluye un tratamiento riguroso de los principios f\u00edsicos de operaci\u00f3n, as\u00ed como su operaci\u00f3n experimental, por parte del \u201cingeniero de detectores\u201d en el laboratorio y observatorio. La electr\u00f3nica de lectura de detectores es revisada extensamente, as\u00ed como la operaci\u00f3n criog\u00e9nica. El curso incluye experiencias de laboratorio, ensamblando una c\u00e1mara astron\u00f3mica y caracterizando su detector CCD.<\/p>\n<p style=\"text-align: justify;\"><a href=\"https:\/\/www.aiuc.puc.cl\/\/wp-content\/uploads\/2024\/01\/iee38531.pdf\">Descargar.<\/a><\/p>\n<p>[\/et_pb_accordion_item][et_pb_accordion_item title=&#8221;IEE-3863 &#8211; Fundamentos de Instrumentaci\u00f3n&#8221; open_toggle_background_color=&#8221;#03122E&#8221; closed_toggle_background_color=&#8221;#E3AE00&#8243; _builder_version=&#8221;4.23.1&#8243; _module_preset=&#8221;default&#8221; hover_enabled=&#8221;0&#8243; border_style_all=&#8221;none&#8221; global_colors_info=&#8221;{}&#8221; open=&#8221;off&#8221; sticky_enabled=&#8221;0&#8243;]<\/p>\n<p style=\"text-align: justify;\">El curso aborda conceptos fundamentales de \u00f3ptica, formaci\u00f3n de imagen y detecci\u00f3n de la luz con particular atenci\u00f3n a las aplicaciones en astronom\u00eda. Se presentan las tipolog\u00edas fundamentales de instrumentos astron\u00f3micos, su prop\u00f3sito y funcionamiento. Se examinaran algunos fundamentos de astronom\u00eda indispensables para la comprensi\u00f3n de la instrumentaci\u00f3n. El curso est\u00e1 dirigido a estudiantes que tengan un inter\u00e9s amplio en la instrumentaci\u00f3n cient\u00edfica.<\/p>\n<p><a href=\"https:\/\/www.aiuc.puc.cl\/\/wp-content\/uploads\/2024\/01\/iee3863-2.pdf\">Descargar.<\/a><\/p>\n<p>[\/et_pb_accordion_item][et_pb_accordion_item title=&#8221;IEE-3873 &#8211; Laboratorio de Instrumentaci\u00f3n Astr\u00f3nomica&#8221; open_toggle_background_color=&#8221;#03122E&#8221; closed_toggle_background_color=&#8221;#E3AE00&#8243; _builder_version=&#8221;4.23.1&#8243; _module_preset=&#8221;default&#8221; hover_enabled=&#8221;0&#8243; border_style_all=&#8221;none&#8221; global_colors_info=&#8221;{}&#8221; open=&#8221;off&#8221; sticky_enabled=&#8221;0&#8243;]<\/p>\n<p style=\"text-align: justify;\">En este curso el\/la estudiante conocer\u00e1 los fen\u00f3menos de propagaci\u00f3n de ondas electromagn\u00e9ticas en los rangos asociados a la observaci\u00f3n astron\u00f3mica. Podr\u00e1 interpretar, analizar y evaluar diversos algoritmos de procesamiento mediante el desarrollo de experiencias pr\u00e1cticas. Comprender\u00e1 el funcionamiento de dispositivos, dise\u00f1ando y aplicando sistemas b\u00e1sicos de instrumentaci\u00f3n \u00f3ptica.<\/p>\n<p><a href=\"https:\/\/www.aiuc.puc.cl\/\/wp-content\/uploads\/2024\/01\/iee3873.pdf\">Descargar.<\/a><\/p>\n<p>[\/et_pb_accordion_item][et_pb_accordion_item title=&#8221;IEE-3682 &#8211; Electro \u00d3ptica&#8221; open_toggle_background_color=&#8221;#03122E&#8221; closed_toggle_background_color=&#8221;#E3AE00&#8243; _builder_version=&#8221;4.23.1&#8243; _module_preset=&#8221;default&#8221; hover_enabled=&#8221;0&#8243; border_style_all=&#8221;none&#8221; global_colors_info=&#8221;{}&#8221; open=&#8221;off&#8221; sticky_enabled=&#8221;0&#8243;]<\/p>\n<p style=\"text-align: justify;\">En la d\u00e9cada de los 90, se ha presenciado un crecimiento vertiginoso en la aplicaci\u00f3n de t\u00e9cnicas \u00f3pticas a procesos industriales. Es cada d\u00eda m\u00e1s com\u00fan encontrar sofisticados instrumentos de medici\u00f3n en l\u00ednea para variables qu\u00edmicas, f\u00edsicas o asociadas a la calidad de los productos, cuyo principio de funcionamiento es la electro-\u00f3ptica, tales como m\u00e9todos infrarrojos, m\u00e9todos de medici\u00f3n basados en l\u00e1ser y t\u00e9cnicas que usan fibra \u00f3ptica como mecanismo de transducci\u00f3n. El curso abarca los aspectos te\u00f3ricos asociados a estas complejas t\u00e9cnicas, como tambi\u00e9n el estudio a fondo de algunas aplicaciones, de manera de traspasar al\/a la estudiante los conceptos, potencialidades y limitaciones de estos instrumentos. El\/La estudiante adquirir\u00e1 los conocimientos necesarios para dise\u00f1ar, evaluar y especificar este tipo de instrumentos.<\/p>\n<p><a href=\"https:\/\/www.aiuc.puc.cl\/\/wp-content\/uploads\/2024\/01\/iee3682.pdf\">Descargar.<\/a><\/p>\n<p>[\/et_pb_accordion_item][et_pb_accordion_item title=&#8221;IEE-3883 &#8211; \u00d3ptica Adaptativa&#8221; open=&#8221;off&#8221; open_toggle_background_color=&#8221;#03122E&#8221; closed_toggle_background_color=&#8221;#E3AE00&#8243; _builder_version=&#8221;4.23.1&#8243; _module_preset=&#8221;default&#8221; border_style_all=&#8221;none&#8221; global_colors_info=&#8221;{}&#8221;]<\/p>\n<p style=\"text-align: justify;\">La \u00f3ptica adaptativa es la tecnolog\u00eda asociada a la correcci\u00f3n en tiempo real de distorsiones \u00f3pticas aleatorias del frente de onda. Los principales desarrollos se han realizado en los campos de la astronom\u00eda y defensa, pero tambi\u00e9n existen aplicaciones en medicina (principalmente oftalmolog\u00eda) y algunas en sistemas industriales.<\/p>\n<p><a href=\"https:\/\/www.aiuc.puc.cl\/\/wp-content\/uploads\/2024\/01\/CURSO-OPTICA-ADAPTATIVA.pdf\">Descargar<\/a><\/p>\n<p>[\/et_pb_accordion_item][et_pb_accordion_item title=&#8221;IEE-3893 &#8211; Radio Astronom\u00eda&#8221; open_toggle_background_color=&#8221;#03122E&#8221; closed_toggle_background_color=&#8221;#E3AE00&#8243; _builder_version=&#8221;4.23.1&#8243; _module_preset=&#8221;default&#8221; border_style_all=&#8221;none&#8221; global_colors_info=&#8221;{}&#8221; open=&#8221;off&#8221;]<\/p>\n<p style=\"text-align: justify;\">El curso describe las herramientas y t\u00e9cnicas de observaci\u00f3n astron\u00f3micas correspondientes a las frecuencias de radio del espectro electromagn\u00e9tico. Se estudian los fundamentos de las mediciones de se\u00f1ales de radio, radi\u00f3metros, antenas e interfer\u00f3metros. Tambi\u00e9n se revisan las fuentes de emisi\u00f3n de radio y sus mecanismos provenientes de los distintos objetos en el universo.<\/p>\n<p><a href=\"https:\/\/www.aiuc.puc.cl\/\/wp-content\/uploads\/2024\/01\/iee3893.pdf\">Descargar<\/a><\/p>\n<p>[\/et_pb_accordion_item][\/et_pb_accordion][\/et_pb_column][\/et_pb_row][\/et_pb_section]<\/p>\n","protected":false},"excerpt":{"rendered":"<p>CursosAqu\u00ed podr\u00e1 encontrar informaci\u00f3n sobre los cursos dictados por acad\u00e9micos y acad\u00e9micas del Centro para pre y post grado, como parte de los programas acad\u00e9micos de la Escuela de Ingenier\u00eda y del Instituto de Astrof\u00edsica UC.\u00a0\u00a0En este curso el\/la estudiante aprender\u00e1 los conceptos fundamentales de la astronom\u00eda moderna, en el contexto de la situaci\u00f3n de [&hellip;]<\/p>\n","protected":false},"author":1,"featured_media":0,"parent":0,"menu_order":0,"comment_status":"closed","ping_status":"closed","template":"","meta":{"_et_pb_use_builder":"on","_et_pb_old_content":"<!-- wp:divi\/placeholder \/-->","_et_gb_content_width":"","footnotes":""},"_links":{"self":[{"href":"https:\/\/www.aiuc.puc.cl\/index.php?rest_route=\/wp\/v2\/pages\/70"}],"collection":[{"href":"https:\/\/www.aiuc.puc.cl\/index.php?rest_route=\/wp\/v2\/pages"}],"about":[{"href":"https:\/\/www.aiuc.puc.cl\/index.php?rest_route=\/wp\/v2\/types\/page"}],"author":[{"embeddable":true,"href":"https:\/\/www.aiuc.puc.cl\/index.php?rest_route=\/wp\/v2\/users\/1"}],"replies":[{"embeddable":true,"href":"https:\/\/www.aiuc.puc.cl\/index.php?rest_route=%2Fwp%2Fv2%2Fcomments&post=70"}],"version-history":[{"count":25,"href":"https:\/\/www.aiuc.puc.cl\/index.php?rest_route=\/wp\/v2\/pages\/70\/revisions"}],"predecessor-version":[{"id":1977,"href":"https:\/\/www.aiuc.puc.cl\/index.php?rest_route=\/wp\/v2\/pages\/70\/revisions\/1977"}],"wp:attachment":[{"href":"https:\/\/www.aiuc.puc.cl\/index.php?rest_route=%2Fwp%2Fv2%2Fmedia&parent=70"}],"curies":[{"name":"wp","href":"https:\/\/api.w.org\/{rel}","templated":true}]}}